a + 249. Give t(-31).
63
Let k(d) = 4*d**2 + 10*d - 49. What is k(0)?
-49
Let b(c) = c**2 + 11*c + 85. Calculate b(-13).
111
Let y(c) = -65*c - 80. Calculate y(-3).
115
Let j(o) = 136*o**2 + 43*o + 16. What is j(-3)?
1111
Let c(m) = -28*m**2 - 15*m + 6. Give c(-1).
-7
Let l(j) = j**3 - 40*j**2 + 203*j + 32. Calculate l(34).
-2
Let n(i) = -11*i**2 - 29*i. Determine n(-3).
-12
Let b(g) = g**3 - 2*g**2 - 17*g - 33. What is b(-3)?
-27
Let m(x) = x**3 - 6*x**2 + 77*x - 370. Calculate m(5).
-10
Let z(y) = -y**2 - 48*y - 165. Determine z(-51).
-318
Let t(k) = 5*k - 196. Give t(30).
-46
Let z(j) = 19*j - 667. Calculate z(49).
264
Let v(s) = 3*s**2 - 65*s - 1207. What is v(33)?
-85
Let z(r) = -2*r**2 - 18*r + 76. Determine z(13).
-496
Let x(s) = 7*s**2 + 86*s + 187. Calculate x(-3).
-8
Let u(x) = 18*x - 697. Determine u(44).
95
Let m(y) = -621*y**3 + 16*y**2 - 15*y. Determine m(1).
-620
Let t(n) = -23*n**2 - 28*n + 82. Give t(4).
-398
Let p(x) = x**3 + 6*x**2 + 6447*x + 19310. Determine p(-3).
-4
Let p(l) = 521*l + 2094. What is p(-4)?
10
Let p(o) = 5*o**2 + 166*o - 1245. What is p(7)?
162
Let k(n) = 438*n + 4310. Determine k(-10).
-70
Let z(x) = 14*x**2 - 742*x + 49. Determine z(53).
49
Let l(j) = -j**2 + 2*j + 1754. What is l(43)?
-9
Let t(p) = -23*p**3 + p**2 + 3*p + 1. Give t(-1).
22
Let g(n) = -2*n**3 + 26*n**2 + 31*n - 18. Calculate g(14).
24
Let z(r) = -2*r**2 + 34*r - 75. Give z(15).
-15
Let c(w) = -64*w - 1505. What is c(-24)?
31
Let g(s) = -1305*s - 5216. What is g(-4)?
4
Let t(p) = -p**3 + 8*p**2 + 5*p + 55. Give t(9).
19
Let p(r) = -7*r**2 + 103*r - 357. Determine p(4).
-57
Let f(t) = t**3 - 13*t**2 - 23*t - 101. Calculate f(15).
4
Let l(s) = -4*s**2 - 29*s + 129. Calculate l(4).
-51
Let m(p) = -26*p**2 - 9*p + 16. Give m(3).
-245
Let s(z) = -2*z**3 - 198*z**2 - 385*z + 394. Determine s(-97).
103
Let a(u) = -68*u - 4671. What is a(-69)?
21
Let g(v) = 4*v**3 + 50*v**2 + 25*v + 8. Give g(-12).
-4
Let l(i) = -i**2 + 47*i - 505. Calculate l(31).
-9
Let m(a) = a**3 + 140*a**2 - 2672*a - 465. Calculate m(-157).
6
Let f(a) = 22*a**3 - 2*a**2 - 7*a - 20. Give f(-3).
-611
Let i(u) = u**3 - 48*u**2 - 49*u + 18. Give i(49).
18
Let t(l) = 14*l**2 - 302*l + 164. Determine t(21).
-4
Let b(z) = z**3 + 220*z**2 - 421*z + 5097. What is b(-222)?
-9
Let d(r) = -r**3 - 106*r**2 - 495*r + 1045. Give d(-101).
35
Let o(t) = -t**2 + 4*t + 371. Calculate o(-18).
-25
Let f(y) = -y**2 - 52*y + 109. Determine f(2).
1
Let g(v) = 4*v**2 + 127*v + 537. Calculate g(-24).
-207
Let p(c) = c**3 - 5*c**2 + 22*c - 78. Calculate p(4).
-6
Let q(o) = 469*o - 941. Give q(2).
-3
Let j(h) = 11*h**2 - 176*h - 145. Give j(17).
42
Let i(m) = m**3 - 13*m**2 + 30*m + 12. Calculate i(10).
12
Let d(c) = -3*c - 21. Give d(-6).
-3
Let d(m) = -m**3 + 19*m**2 - 53*m + 30. What is d(16)?
-50
Let n(k) = -2*k**3 + 41*k**2 + 20*k + 64. Calculate n(21).
43
Let s(l) = 9*l - 234. What is s(25)?
-9
Let n(m) = -55*m - 924. Give n(-12).
-264
Let j(v) = v**2 - 42*v - 591. Determine j(-10).
-71
Let i(l) = -l**3 - 72*l**2 - 124*l + 205. Determine i(-70).
-915
Let p(u) = -4*u**2 + 2*u - 19. Calculate p(-5).
-129
Let p(u) = u**3 + 80*u**2 + 1071*u + 6. What is p(-63)?
6
Let k(r) = r**3 - 3*r**2 + 8*r + 2. What is k(-3)?
-76
Let x(d) = -d**2 + 116*d - 2730. Determine x(33).
9
Let a(y) = 3*y**2 + 10*y + 30. Calculate a(-5).
55
Let w(h) = -4*h**2 - 2*h - 6. Give w(3).
-48
Let q(m) = m**3 - 32*m**2 - 1421*m - 141. Calculate q(57).
87
Let z(g) = 3*g + 55. What is z(-10)?
25
Let z(a) = -a**2 - 54*a - 344. Determine z(-12).
160
Let x(c) = c**3 - 14*c**2 + 45*c + 10. What is x(6)?
-8
Let s(w) = -w**3 - 21*w**2 - 47*w + 123. Determine s(-18).
-3
Let h(u) = -230*u + 344. Give h(1).
114
Let b(x) = 21*x + 696. Determine b(-27).
129
Let a(s) = -69*s - 5. Determine a(1).
-74
Let b(s) = -232*s - 2726. Determine b(-8).
-870
Let y(v) = -43*v - 812. What is y(-19)?
5
Let l(g) = 17495*g + 104964. Calculate l(-6).
-6
Let v(z) = -155*z**2 + 1241*z - 7. Determine v(8).
1
Let y(u) = -2*u**3 + 3*u**2 + 15*u + 238. Give y(6).
4
Let n(i) = i**3 + 28*i**2 + 34*i + 165. Calculate n(-27).
-24
Let n(q) = -2*q**2 - 909*q + 7403. Give n(8).
3
Let l(g) = -g**3 + 18*g**2 - 17*g + 105. Calculate l(17).
105
Let m(q) = 13*q - 26. Calculate m(5).
39
Let s(r) = 17*r**3 + 71*r**2 + 13*r + 7. What is s(-4)?
3
Let w(b) = b**3 + 26*b**2 - 15*b - 212. Give w(-26).
178
Let b(d) = -2*d**2 - 8*d + 173. Determine b(10).
-107
Let q(n) = -n**2 - 56*n - 436. What is q(-47)?
-13
Let a(t) = -58*t**2 - 55*t - 171. Give a(-3).
-528
Let h(c) = 157*c**2 + 32*c - 1. Calculate h(2).
691
Let f(i) = 12*i + 208. Determine f(-16).
16
Let z(d) = -43*d**2 - 1935*d - 15. What is z(-45)?
-15
Let m(b) = b**3 + 9*b**2 + 33*b - 10. Determine m(-8).
-210
Let h(s) = -3*s**2 + 90*s - 366. Determine h(5).
9
Let p(q) = -18*q + 1202. Give p(67).
-4
Let j(b) = -33*b**3 + b**2 - 15*b + 14. What is j(1)?
-33
Let a(s) = 2*s**3 - 35*s**2 + 15*s - 18. Calculate a(17).
-52
Let r(v) = -43*v + 803. Determine r(18).
29
Let t(x) = -6*x**3 - 40*x**2 - 22*x + 1. What is t(-6)?
-11
Let c(o) = o**2 - 12*o - 1395. Give c(-32).
13
Let h(p) = -p**2 + 469*p + 1. Give h(0).
1
Let k(g) = -g**3 + 11*g**2 + 190*g - 204. What is k(20)?
-4
Let i(g) = -118*g**2 + 1044*g + 166. What is i(9)?
4
Let v(f) = f**3 - 39*f**2 + 170*f - 21. Give v(34).
-21
Let v(o) = 4*o**3 + 36*o**2 + 4*o + 40. Determine v(-9).
4
Let a(n) = 2*n**2 + 63*n - 859. Give a(10).
-29
Let r(n) = -n**3 + 24*n**2 - 58*n - 88. Determine r(4).
0
Let b(j) = 179*j**2 + 718*j + 11. Give b(-4).
3
Let t(h) = -h**3 - 88*h**2 + 477*h - 56. Give t(5).
4
Let t(f) = 3*f**2 - 192*f + 922. Determine t(5).
37
Let r(x) = -106*x + 87. Give r(1).
-19
Let s(r) = -r**3 + 382*r**2 + 10169*r + 2437. Calculate s(407).
-5
Let u(z) = -319*z + 38. What is u(-1)?
357
Let x(t) = 17*t**2 - 33*t + 27. What is x(1)?
11
Let z(a) = -11*a - 502. Determine z(-54).
92
Let n(c) = 2759*c + 16545. Calculate n(-6).
-9
Let v(g) = -21*g**2 + 1051*g - 47. What is v(50)?
3
Let c(u) = -999*u**2 - 42*u + 42. Determine c(1).
-999
Let n(b) = -b**3 - 24*b**2 - 43*b + 22. Calculate n(-22).
0
Let x(g) = 119*g**3 - g**2 - 3*g - 2. Calculate x(-1).
-119
Let j(k) = -k**3 - 39*k**2 + 34*k - 253. Determine j(-40).
-13
Let t(n) = 42*n + 3447. Calculate t(-82).
3
Let f(g) = -g**3 - 17*g**2 - 2*g - 17. What is f(-17)?
17
Let l(p) = -p**3 + 20*p**2 - 78*p - 32. Calculate l(11).
199
Let x(i) = 3*i**3 - 123*i**2 - 2*i + 94. Give x(41).
12
Let s(i) = -i**3 + 515*i**2 + 3649*i - 41. What is s(-7)?
-6
Let u(z) = 52*z - 3. Give u(1).
49
Let i(m) = 13*m + 112. Give i(14).
294
Let l(o) = 23*o**2 - 127*o + 244. Give l(3).
70
Let f(r) = -r**2 - 27*r - 40. Calculate f(-20).
100
Let w(g) = 53*g**3 + 471*g**2 - 54*g - 11. What is w(-9)?
-11
Let f(o) = o**3 + 20*o**2 + 18*o - 67. Calculate f(-19).
-48
Let o(n) = -4*n**3 - n**2 - 19*n + 10. Determine o(2).
-64
Let q(b) = -b**3 + 134*b**2 + 144*b - 1260. Calculate q(135).
-45
Let m(i) = 1643*i - 6567. What is m(4)?
5
Let d(u) = 23*u + 535. What is d(-22)?
29
Let f(g) = 1669*g + 6550. Calculate f(-4).
-126
Let p(v) = 21*v**2 + 4215*v - 1212. Determine p(-201).
-6
Let j(q) = -q**3 + 59*q**2 + 74*q - 835. Determine j(60).
5
Let l(q) = q**2 + 12*q - 5754. Determine l(70).
-14
Let w(d) = 46*d - 2905. Calculate w(61).
-99
Let o(d) = -110*d - 3599. Give o(-33).
31
Let n(d) = -4*d**2 - 171*d - 115. Determine n(-42).
11
Let n(w) = -75*w + 212. What is n(3)?
-13
Let c(x) = -13*x**3 - 4*x**2 + 92*x - 91. What is c(1)?
-16
Let b(d) = 6*d**2 + 363*d + 363. What is b(-1)?
6
Let m(j) = 7*j + 197. Determine m(39).
470
Let p(g) = -14*g**2 - 8*g - 73. Calculate p(-4).
-265
Let t(a) = -a**2 + 127*a + 1927. Give t(-14).
-47
Let o(i) = -281*i + 1098. Give o(4).
-26
Let n(d) = 6*d**3 + 2*d**2 + 26*d + 106. Give n(-4).
-350
Let o(r) = -28*r + 490. What is o(6)?
322
Let w(i) = -i**3 - 67*i**2 - 737*i + 4027. Calculate w(-51).
-2
Let n(l) = 22*l - 73. Determine n(9).
125
Let j(r) = r**2 + 147*r - 3352. What is j(20)?
-12
Let v(d) = -7*d**3 - 6*d**2 + 3*d + 5. Determine v(0).
5
Let f(v) = 4*v**2 - 17*v + 39. What is f(3)?
24
Let m(k) = -114*k + 5007. Give m(42).
219
Let f(c) = -6*c**2 + 40*c + 2. Calculate f(6).
26
Let x(d) = 9*d**3 + 3*d**2 + 51*d + 147. What is x(-3)?
-222
Let c(s) = s